136817497 prime?
False
Is 13792361909 prime?
False
Is 14346547243 composite?
True
Is 64331553887 prime?
True
Is 6322278379 prime?
True
Is 143610253 a composite number?
False
Is 357280277 a prime number?
True
Is 2474557259 composite?
False
Is 43799783 prime?
False
Is 113920003531 composite?
False
Is 23454357027 prime?
False
Is 1210990987 a prime number?
True
Is 1757409961 a composite number?
True
Is 14847809203 a composite number?
True
Is 1733555165 a composite number?
True
Is 1416481961 a composite number?
True
Is 110133972619 prime?
False
Is 40978092269 prime?
True
Is 3588759791 a prime number?
True
Is 3199139963 prime?
True
Is 99889861 prime?
True
Is 17268333347 prime?
False
Is 40991162863 a composite number?
True
Is 27681202151 a prime number?
True
Is 385596353 prime?
False
Is 996116353 prime?
False
Is 16444362119 prime?
True
Is 487208473 a prime number?
False
Is 24841811069 a composite number?
True
Is 96290317 a composite number?
True
Is 23112917 a prime number?
True
Is 105782627 a prime number?
False
Is 502229513 composite?
False
Is 398564566 prime?
False
Is 4165316707 a composite number?
True
Is 227295581 composite?
False
Is 243973507 prime?
False
Is 4102050026 a prime number?
False
Is 77391121 prime?
True
Is 35058456061 a prime number?
False
Is 349828855058 prime?
False
Is 395366981 prime?
True
Is 82295833 a prime number?
False
Is 1006856029 composite?
False
Is 12402142451 composite?
False
Is 490146269 prime?
True
Is 187864706639 composite?
True
Is 832633757 composite?
False
Is 2572758301 prime?
True
Is 3066831863 composite?
False
Is 36817372253 a composite number?
True
Is 73101049493 a prime number?
True
Is 562057849 prime?
True
Is 536073502 composite?
True
Is 60067335353 composite?
False
Is 70562679553 a composite number?
False
Is 39968556869 composite?
True
Is 46528649773 composite?
False
Is 194428033 a prime number?
False
Is 14671670411 prime?
True
Is 4504302683 prime?
True
Is 1582682669 a composite number?
False
Is 712405717 a prime number?
True
Is 2091469703 prime?
False
Is 533202389 prime?
False
Is 1786859357 prime?
True
Is 3945781793 prime?
False
Is 173773214191 composite?
False
Is 276892027 a prime number?
True
Is 2870401477 a composite number?
False
Is 1064580763 a composite number?
True
Is 5588916083 a composite number?
False
Is 3223499767 a prime number?
False
Is 59273059 a composite number?
True
Is 32026796701 a prime number?
False
Is 383580157 prime?
False
Is 4847627471 prime?
True
Is 152261493479 composite?
False
Is 11458761331 a prime number?
False
Is 694200187 a prime number?
True
Is 16526963653 a composite number?
False
Is 153556183987 composite?
False
Is 24530069423 prime?
True
Is 154004826707 a prime number?
True
Is 953977351 a composite number?
False
Is 1930073969 composite?
False
Is 6356992349 a composite number?
False
Is 1406719533 a prime number?
False
Is 65414513509 a prime number?
False
Is 414682621 composite?
True
Is 32763794291 a composite number?
False
Is 29219147 composite?
False
Is 866574421 a prime number?
False
Is 177034003 composite?
True
Is 27147671207 composite?
False
Is 34633762391 prime?
False
Is 75052578499 a composite number?
False
Is 8634328853 a prime number?
True
Is 4322498473 a prime number?
True
Is 303894361 a composite number?
False
Is 483081661 a composite number?
True
Is 18868250693 prime?
True
Is 8611021907 prime?
True
Is 40024404089 prime?
True
Is 11170560451 a prime number?
True
Is 568237105 prime?
False
Is 315312517 a prime number?
False
Is 14872538939 prime?
True
Is 5203906781 a prime number?
True
Is 1059142919 a prime number?
False
Is 656172421 a prime number?
True
Is 1109059759 a prime number?
True
Is 16094488679 a composite number?
False
Is 11392532995 a composite number?
True
Is 1318899643 composite?
False
Is 207438337 prime?
False
Is 52460430601 composite?
True
Is 5757820451 a composite number?
True
Is 46861706131 prime?
False
Is 1796139281 prime?
False
Is 104704401521 a composite number?
True
Is 618464347 a composite number?
False
Is 30858425621 prime?
True
Is 3155659235 prime?
False
Is 23991193871 prime?
False
Is 18578603203 composite?
False
Is 510662479 a composite number?
True
Is 9424885823 prime?
True
Is 31882873021 a composite number?
True
Is 128451703 a composite number?
False
Is 4192589297 composite?
True
Is 43631604563 a prime number?
False
Is 146991389 a composite number?
False
Is 1887426217 prime?
True
Is 11584660463 a composite number?
True
Is 13559456779 a composite number?
True
Is 5533285663 prime?
False
Is 457666211 composite?
False
Is 613460429 prime?
False
Is 21745378021 a prime number?
False
Is 252203009 a composite number?
False
Is 2168351609 a prime number?
True
Is 2189811553 prime?
True
Is 12986373515 composite?
True
Is 2112889109 prime?
True
Is 3450473791 composite?
True
Is 606147119 a composite number?
True
Is 2267039501 composite?
True
Is 4153657723 a composite number?
False
Is 551797709 composite?
False
Is 948812927 a prime number?
True
Is 27607859039 prime?
False
Is 3227854963 prime?
False
Is 5211799189 prime?
True
Is 1653700957 prime?
False
Is 891558743 prime?
True
Is 3005678779 a composite number?
False
Is 19582170347 composite?
False
Is 55441213 prime?
True
Is 132804019 prime?
False
Is 14460496067 a prime number?
True
Is 1077529357 prime?
True
Is 83331795097 prime?
False
Is 2208338477 composite?
False
Is 642446489 a prime number?
True
Is 5338977191 composite?
True
Is 6733905161 composite?
False
Is 40748441 a prime number?
True
Is 4390884923 composite?
True
Is 7136431483 a prime number?
False
Is 827344829 prime?
True
Is 26445876283 a composite number?
False
Is 2674842341 prime?
True
Is 14494879783 a composite number?
False
Is 2297488021 composite?
False
Is 242332057741 composite?
False
Is 141512507 prime?
True
Is 7272925441 prime?
True
Is 30976693999 a composite number?
False
Is 38349844217 prime?
False
Is 4106027227 composite?
True
Is 37230193433 prime?
True
Is 24359142649 a prime number?
True
Is 7082738213 a composite number?
False
Is 20283098179 a composite number?
True
Is 76290065 composite?
True
Is 1211200337 a prime number?
True
Is 6722733331 a composite number?
True
Is 956789227 a composite number?
True
Is 2086779311 a prime number?
True
Is 6084453929 composite?
False
Is 6193300573 a composite number?
True
Is 8261605237 a prime number?
True
Is 33956012899 a composite number?
False
Is 957245573 composite?
True
Is 19629999601 a composite number?
False
Is 2763289181 a composite number?
False
Is 2231177794 composite?
True
Is 6717646399 prime?
True
Is 79460729 a composite number?
False
Is 267456131 a prime number?
False
Is 5331472957 prime?
False
Is 14013045259 a composite number?
True
Is 580831441 prime?
False
Is 1012716713 composite?
False
Is 151541359 a composite number?
True
Is 39795552007 composite?
False
Is 2987644801 prime?
True
Is 246618094909 prime?
False
Is 196327476973 prime?
True
Is 3597620743 composite?
False
Is 4294347789 prime?
False
Is 11918275639 a prime number?
False
Is 73188949 a composite number?
True
Is 11558465399 a prime number?
False
Is 1041417913 prime?
True
Is 3647496679 a prime number?
True
Is 905365267 prime?
True
Is 83176007 composite?
True
Is 348268159 a composite number?
False
Is 23082611927 a composite number?
True
Is 295053901 composite?
False
Is 141320870357 a prime number?
True
Is 116255437 a prime number?
False
Is 15117519217 a prime number?
False
Is 3087665173 composite?
False
Is 19398612283 composite?
False
Is 1293085861 a composite number?
True
Is 20514391621 a composite number?
False
Is 81004409 a composite number?
True
Is 34726331 composite?
False
Is 68564584679 prime?
False
Is 475901849 a composite number?
True
Is 159347333 a composite number?
True
Is 519542689 a composite number?
True
Is 2329311359 a composite number?
True
Is 769943071 a prime number?
True
Is 4128893687 composite?
False
Is 157216771 composite?
False
Is 14187328667 a composite number?
True
Is 1957030079 prime?
False
Is 391552309 a composite number?
False
Is 149761373893 composite?
False
Is 44910884987 composite?
False
Is 110390784541 prime?
True
Is 4663399 a prime number?
False
Is 1140282989 composite?
True
Is 99367604359 prime?
True
Is 2681374231 a composite number?
True
Is 923145409 a composite number?
True
Is 3449693977 composite?
Fal